{"id":91,"date":"2018-08-13T11:18:31","date_gmt":"2018-08-13T09:18:31","guid":{"rendered":"http:\/\/netphiltech.org\/wordpress\/?page_id=91"},"modified":"2018-08-20T12:04:13","modified_gmt":"2018-08-20T10:04:13","slug":"mitgliedsantrag","status":"publish","type":"page","link":"https:\/\/netphiltech.org\/wordpress\/mitgliedsantrag\/","title":{"rendered":"Mitglied werden"},"content":{"rendered":"<p><strong>Sie interessieren\u00a0sich f\u00fcr die philosophische sowie interdisziplin\u00e4re Forschung?<\/strong><\/p>\n<p>Netphiltech f\u00f6rdert die Arbeit an\u00a0technikphilosophischen Fragestellungen und die Bildung eines Forums f\u00fcr die\u00a0Entwicklung, Beratung und Gestaltung von Technik und Technologie.\u00a0Der Verein bearbeitet auch Fragen der Vernetzung von Forschung und Technologie, weiterhin\u00a0zur Vernetzung von Konsumenten und Industrie, methodisch abgesichert und mit dem Ziel\u00a0ethisch angemessene Urteile in diesem Bereich zu erarbeiten. Er leistet unternehmensethische und politische Beratung zum Einsatz resilienter Technik.<\/p>\n<p>Wir suchen\u00a0immer\u00a0nach\u00a0neuen interessierten Mitgliedern und einem aktiven Austausch mit verschiedenen Disziplinen sowie Sektoren.<\/p>\n<p>Sie interessieren sich f\u00fcr eine Mitgliedschaft oder m\u00f6chten unseren <a href=\"http:\/\/netphiltech.org\/wordpress\/beirat\/\">Beirat<\/a> unterst\u00fctzen?<\/p>\n<p>Unseren Mitgliedsantrag finden Sie <a href=\"http:\/\/netphiltech.org\/wordpress\/wp-content\/uploads\/2018\/08\/Mitgliedsantrag.pdf\">hier<\/a>.<\/p>\n<p>Oder schreiben Sie uns direkt an: kontakt[at]netphiltech.org.<\/p>\n","protected":false},"excerpt":{"rendered":"<p>Sie interessieren\u00a0sich f\u00fcr die philosophische sowie interdisziplin\u00e4re Forschung? Netphiltech f\u00f6rdert die Arbeit an\u00a0technikphilosophischen Fragestellungen und die Bildung eines Forums f\u00fcr die\u00a0Entwicklung, Beratung und Gestaltung von Technik und Technologie.\u00a0Der Verein bearbeitet &hellip; <\/p>\n<p class=\"link-more\"><a href=\"https:\/\/netphiltech.org\/wordpress\/mitgliedsantrag\/\" class=\"more-link\"><span class=\"screen-reader-text\">\u201eMitglied werden\u201c<\/span> weiterlesen<\/a><\/p>\n","protected":false},"author":1,"featured_media":0,"parent":0,"menu_order":0,"comment_status":"closed","ping_status":"closed","template":"","meta":[],"_links":{"self":[{"href":"https:\/\/netphiltech.org\/wordpress\/wp-json\/wp\/v2\/pages\/91"}],"collection":[{"href":"https:\/\/netphiltech.org\/wordpress\/wp-json\/wp\/v2\/pages"}],"about":[{"href":"https:\/\/netphiltech.org\/wordpress\/wp-json\/wp\/v2\/types\/page"}],"author":[{"embeddable":true,"href":"https:\/\/netphiltech.org\/wordpress\/wp-json\/wp\/v2\/users\/1"}],"replies":[{"embeddable":true,"href":"https:\/\/netphiltech.org\/wordpress\/wp-json\/wp\/v2\/comments?post=91"}],"version-history":[{"count":18,"href":"https:\/\/netphiltech.org\/wordpress\/wp-json\/wp\/v2\/pages\/91\/revisions"}],"predecessor-version":[{"id":169,"href":"https:\/\/netphiltech.org\/wordpress\/wp-json\/wp\/v2\/pages\/91\/revisions\/169"}],"wp:attachment":[{"href":"https:\/\/netphiltech.org\/wordpress\/wp-json\/wp\/v2\/media?parent=91"}],"curies":[{"name":"wp","href":"https:\/\/api.w.org\/{rel}","templated":true}]}}