{"id":394,"date":"2019-03-14T15:09:39","date_gmt":"2019-03-14T14:09:39","guid":{"rendered":"http:\/\/netphiltech.org\/wordpress\/?page_id=394"},"modified":"2019-05-03T13:37:01","modified_gmt":"2019-05-03T11:37:01","slug":"arbeitsfeld-info","status":"publish","type":"page","link":"https:\/\/netphiltech.org\/wordpress\/was-wir-machen\/arbeitsfeld-info\/","title":{"rendered":"INFO"},"content":{"rendered":"<p>Die Arbeitsgruppe &#8222;Inducing non-formal Orientation\/Induzierung non-formalen Orientierungswissens&#8220; (INFO) konzentriert sich auf den gelungenen Wissenstransfer und die Implementierung der angewandten Ethik mit besonderem Fokus auf die unmittelbare Realisierung von Moralvorstellungen in Form zivilgesellschaftlichen Engagements. Gegenstand der T\u00e4tigkeit ist die Arbeit an nicht-staatlichen und teils auch nicht institutionalisierten Formen moralisch-normativ wirkender Aktivit\u00e4ten. Es geht darum, Aktivit\u00e4ten aus dem dritten Sektor sowie f\u00fcr den dritten Sektor als praxisnahe Entwicklungen aufzugreifen und engagementf\u00f6rdernd aufzubereiten.<\/p>\n<p>In diesem Sinn sollen die disziplin\u00e4ren Grenzen im Wissenschaftsbetrieb \u00fcberwunden werden. Das dr\u00fcckt sich einerseits im inhaltlichen Fokus auf aktuelle Entwicklungen und auf die Formulierung ethischer Leitlinien sowie aktueller Entwicklungen im dritten Sektor aus. Zum anderen durch die unkonventionelle Ver\u00f6ffentlichung dieser diskursiven Entwicklungen unter Ber\u00fccksichtigung neuer Medien wie dem World Wide Web. Die Arbeitsgruppe strebt also weniger die klassisch-philosophischen Buchver\u00f6ffentlichugen an, sondern versucht auch Au\u00dfenstehenden sowie insbesondere einer nicht akademisch orientierten \u00d6ffentlichkeit die M\u00f6glichkeit zur Realisierung der eigenen Moralvorstellung in Form zivilgesellschaftlichen Engagements zu er\u00f6ffnen.<\/p>\n<p>Hierzu wurden Netzwerke und Akteure in der strukturierten Zivilgesellschaft recherchiert und deren Aktivit\u00e4ten sowie einzelne institutionalisierte Str\u00e4nge der entsprechenden angewandten Theoriebildung gesammelt. Diese werden in zweiter Instanz online aufbereitet und anhand der aktuellen Entwicklungen ausgegeben. Hierdurch versuchen wir auch Schnittstellen zu neuen Bereichen im akademischen Kontext, wie der Drittsektor-Forschung, Citizen Science und Digital Humanities, Rechnung zu tragen und aktiv an neuen Konzepten sozialer Innovation zu arbeiten. Dies unter der Voraussetzung, dass individuelle Moralvorstellungen im hermeneutischen Sinn verglichen und in Orientierungswissen \u00fcbersetzt werden m\u00fcssen.<\/p>\n","protected":false},"excerpt":{"rendered":"<p>Die Arbeitsgruppe &#8222;Inducing non-formal Orientation\/Induzierung non-formalen Orientierungswissens&#8220; (INFO) konzentriert sich auf den gelungenen Wissenstransfer und die Implementierung der angewandten Ethik mit besonderem Fokus auf die unmittelbare Realisierung von Moralvorstellungen in &hellip; <\/p>\n<p class=\"link-more\"><a href=\"https:\/\/netphiltech.org\/wordpress\/was-wir-machen\/arbeitsfeld-info\/\" class=\"more-link\"><span class=\"screen-reader-text\">\u201eINFO\u201c<\/span> weiterlesen<\/a><\/p>\n","protected":false},"author":1,"featured_media":0,"parent":81,"menu_order":0,"comment_status":"closed","ping_status":"closed","template":"","meta":[],"_links":{"self":[{"href":"https:\/\/netphiltech.org\/wordpress\/wp-json\/wp\/v2\/pages\/394"}],"collection":[{"href":"https:\/\/netphiltech.org\/wordpress\/wp-json\/wp\/v2\/pages"}],"about":[{"href":"https:\/\/netphiltech.org\/wordpress\/wp-json\/wp\/v2\/types\/page"}],"author":[{"embeddable":true,"href":"https:\/\/netphiltech.org\/wordpress\/wp-json\/wp\/v2\/users\/1"}],"replies":[{"embeddable":true,"href":"https:\/\/netphiltech.org\/wordpress\/wp-json\/wp\/v2\/comments?post=394"}],"version-history":[{"count":8,"href":"https:\/\/netphiltech.org\/wordpress\/wp-json\/wp\/v2\/pages\/394\/revisions"}],"predecessor-version":[{"id":438,"href":"https:\/\/netphiltech.org\/wordpress\/wp-json\/wp\/v2\/pages\/394\/revisions\/438"}],"up":[{"embeddable":true,"href":"https:\/\/netphiltech.org\/wordpress\/wp-json\/wp\/v2\/pages\/81"}],"wp:attachment":[{"href":"https:\/\/netphiltech.org\/wordpress\/wp-json\/wp\/v2\/media?parent=394"}],"curies":[{"name":"wp","href":"https:\/\/api.w.org\/{rel}","templated":true}]}}