{"id":3,"date":"2018-08-08T10:41:31","date_gmt":"2018-08-08T08:41:31","guid":{"rendered":"http:\/\/netphiltech.org\/wordpress\/?page_id=3"},"modified":"2018-09-03T10:20:04","modified_gmt":"2018-09-03T08:20:04","slug":"datenschutzerklaerung","status":"publish","type":"page","link":"https:\/\/netphiltech.org\/wordpress\/datenschutzerklaerung\/","title":{"rendered":"Datenschutzerkl\u00e4rung"},"content":{"rendered":"<p>Diese Datenschutzerkl\u00e4rung beschreibt, welche Ma\u00dfnahmen der Networking Philosophy of Technologies e.V. ergreift, um Ihre Privatsph\u00e4re zu wahren. Wenn Sie unsere Website www.netphiltech.org (nachfolgend &#8222;Webseite&#8220;) nutzen, vertrauen Sie uns Daten an. Besonders sch\u00fctzenswert sind dabei von uns erhobene personenbezogene Daten. Diese Erkl\u00e4rung beschreibt, wie und zu welchem Zweck Ihre Daten erfasst und genutzt werden und welche Wahlm\u00f6glichkeiten Sie im Zusammenhang mit pers\u00f6nlichen Daten haben. Durch Ihre Verwendung dieser Website stimmen Sie der Erfassung, Nutzung und \u00dcbertragung Ihrer Daten gem\u00e4\u00df dieser Datenschutzerkl\u00e4rung zu.<\/p>\n<p>Personenbezogen sind Daten dann, wenn sie mit Ihrer Person in Verbindung gebracht werden k\u00f6nnen und Aussagen zu Ihrem Verhalten oder Ihren Eigenschaften liefern. Dazu geh\u00f6ren nat\u00fcrlich Ihr Name, Adresse, Postanschrift und Telefonnummer, aber auch Angaben zu Ihren m\u00f6glichen Interessen oder Ihrem Spendenverhalten sowie Ihren Surfgewohnheiten, sofern diese Angaben Ihnen pers\u00f6nlich direkt oder indirekt zugeordnet werden k\u00f6nnen.<\/p>\n<p>1 Verantwortlicher f\u00fcr die Datenverarbeitung<\/p>\n<p>Verantwortlicher gem. Art. 4 Abs. 7 EU-Datenschutz-Grundverordnung (DSGVO) ist:<\/p>\n<p>Networking Philosophy of Technologies e.V. &#8211; Grundstra\u00dfe 133b &#8211; 01326 Dresden<br \/>\nE-Mail: kontakt@netphiltech.org<\/p>\n<p>2 Ihre Rechte<br \/>\nSie haben gegen\u00fcber uns folgende Rechte hinsichtlich der Sie betreffenden personenbezogenen Daten:<\/p>\n<p>2.1 Allgemeine Rechte<br \/>\nSie haben ein Recht auf Auskunft, Berichtigung, L\u00f6schung, Einschr\u00e4nkung der Verarbeitung, Widerspruch gegen die Verarbeitung und auf Daten\u00fcbertragbarkeit.<br \/>\nSofern Sie der Erhebung, Verarbeitung oder Nutzung Ihrer Daten durch uns nach Ma\u00dfgabe dieser Datenschutzbestimmungen insgesamt oder f\u00fcr einzelne Ma\u00dfnahmen widersprechen wollen, k\u00f6nnen Sie Ihren Widerspruch an oben genannte verantwortliche Stelle richten. Sie k\u00f6nnen diese Datenschutzerkl\u00e4rung jederzeit speichern und ausdrucken.<\/p>\n<p>2.2 Rechte bei der Datenverarbeitung nach dem berechtigten Interesse<\/p>\n<p>Sie haben gem. Art. 21 Abs.1 DSGVO das Recht, aus Gr\u00fcnden, die sich aus ihrer besonderen Situation ergeben, jederzeit gegen die Verarbeitung sie betreffender personenbezogener Daten, die aufgrund von Art. 6 Abs.1 e DSGVO (Datenverarbeitung im \u00f6ffentlichen Interesse) oder aufgrund Artikel 6 Abs.1 f DSGVO (Datenverarbeitung zur Wahrung eines berechtigten Interesses) erfolgt, Widerspruch einzulegen, dies gilt auch f\u00fcr ein auf diese Vorschrift gest\u00fctztes Profiling. Im Falle Ihres Widerspruchs verarbeiten wir Ihre personenbezogenen Daten nicht mehr, es sei denn, wir k\u00f6nnen zwingende schutzw\u00fcrdige Gr\u00fcnde f\u00fcr die Verarbeitung nachweisen, die Ihre Interessen, Rechte und Freiheiten \u00fcberwiegen, oder die Verarbeitung dient der Geltendmachung, Aus\u00fcbung oder Verteidigung von Rechtsanspr\u00fcchen.<\/p>\n<p>2.3 Rechte bei Direktwerbung<br \/>\nSofern wir Ihre personenbezogenen Daten verarbeiten, um Direktwerbung zu betreiben, so haben Sie gem. Art. 21 Abs. 2 DSGVO das Recht, jederzeit Widerspruch gegen die Verarbeitung der Sie betreffenden personenbezogenen Daten zum Zwecke derartiger Werbung einzulegen, dies gilt auch f\u00fcr das Profiling, soweit es mit solcher Direktwerbung in Verbindung steht.<br \/>\nIm Falle Ihres Widerspruchs gegen die Verarbeitung zum Zwecke der Direktwerbung werden wir Ihre personenbezogenen Daten nicht mehr f\u00fcr diese Zwecke verarbeiten<\/p>\n<p>2.4 Recht auf Beschwerde bei einer Aufsichtsbeh\u00f6rde<br \/>\nSie haben nach Art. 77 DS-GVO das Recht, sich bei der Aufsichtsbeh\u00f6rde zu beschweren, wenn Sie der Ansicht sind, dass die Verarbeitung der Sie betreffenden personenbezogenen Daten nicht rechtm\u00e4\u00dfig erfolgt. Aufsichtsbeh\u00f6rde ist:<\/p>\n<p>Der S\u00e4chsische Datenschutzbeauftragte<br \/>\nDevrientstr, 1<br \/>\n01067 Dresden.<br \/>\nTelefon: 0351\/493-5401<br \/>\nTelefax: 0351\/493-5490<br \/>\nInternet: www.datenschutz.sachsen.de<br \/>\nEmail: saechsdsb@slt.sachsen.de<\/p>\n<p>3 Erhebung personenbezogener Daten bei Besuch unserer Webseite<\/p>\n<p>Bei der blo\u00df informatorischen Nutzung der Website, also wenn Sie nicht anderweitig Informationen \u00fcbermitteln, erheben wir nur die personenbezogenen Daten, die Ihr Browser an unseren Server \u00fcbermittelt. Wenn Sie unsere Website betrachten m\u00f6chten, erheben wir die folgenden Daten, die f\u00fcr uns technisch erforderlich sind, um Ihnen<br \/>\nunsere Website anzuzeigen und die Stabilit\u00e4t und Sicherheit zu gew\u00e4hrleisten. Rechtsgrundlage daf\u00fcr ist Art. 6 Abs. 1 f DSGVO:<\/p>\n<p>IP-Adresse: F\u00fcr den Abruf von Web-Seiten des Networking Philosophy of Technologies e.V. ist wird ihre IP-Nummer notwendigerweise erfasst. Die IP-Adresse besteht aus Ziffernbl\u00f6cken und ist eine weltweit g\u00fcltige,\u00a0 eindeutige Kennzeichnung eines Computers. Meist benutzen Sie als privater Nutzer keine dauerhafte IP-Adresse. Ihr Provider weist Ihnen stattdessen zeitweise eine Adresse f\u00fcr Sitzungen zu. Bei statischen IP-Adressen ist die eindeutige Zuordnung der Nutzerdaten \u00fcber die IP-Adresse m\u00f6glich. Die erhobenen Daten umfassen weiterhin:<br \/>\nDatum und Uhrzeit der Anfrage<br \/>\nZeitzonendifferenz zur Greenwich Mean Time (GMT)<br \/>\nInhalt der Anforderung (konkrete Seite)<br \/>\nZugriffsstatus\/HTTP-Statuscode<br \/>\njeweils \u00fcbertragene Datenmenge<br \/>\nWebsite von der die Anforderung kommt<br \/>\nBrowser<br \/>\nBetriebssystem, und dessen Oberfl\u00e4che<br \/>\nSprache und Version der Browsersoftware<\/p>\n<p>4 Kontaktaufnahme per Mail oder Formular<br \/>\nWenn Sie mit uns in Kontakt treten (z. B. per Kontaktformular oder E-Mail), speichern wir Ihre Angaben zur Bearbeitung der Anfrage sowie f\u00fcr den Fall, dass Anschlussfragen entstehen. Weitere personenbezogene Daten speichern und nutzen wir nur, wenn Sie dazu einwilligen oder dies ohne besondere Einwilligung gesetzlich zul\u00e4ssig ist.<\/p>\n<p>5 Rechtsgrundlagen und Speicherdauer<\/p>\n<p>Rechtsgrundlage der Datenverarbeitung nach den vorstehenden Ziffern ist Art 6 Abs. 1 Buchstabe f) DSGVO. Unsere Interessen an der Datenverarbeitung sind insbesondere die Sicherstellung des Betriebs und der Sicherheit der Webseite, die Untersuchung der Art und Weise der Nutzung der Webseite durch Besucher, und die Vereinfachung der Nutzung der Webseite. Sofern nicht spezifisch angegeben speichern wir personenbezogene Daten nur so lange, wie dies zur Erf\u00fcllung der verfolgten Zwecke notwendig ist.<\/p>\n<p>6 Einsatz von Cookies<br \/>\nBei Ihrer Nutzung unserer Website werden Cookies auf Ihrem Rechner gespeichert. Bei Cookies handelt es sich um kleine Textdateien, die auf Ihrer Festplatte dem von Ihnen verwendeten Browser zugeordnet gespeichert werden und durch welche der Stelle, die den Cookie setzt, bestimmte Informationen zuflie\u00dfen. Cookies k\u00f6nnen keine Programme ausf\u00fchren oder Viren auf Ihren Computer \u00fcbertragen. Sie dienen dazu, das Internetangebot insgesamt nutzerfreundlicher und effektiver zu machen.<\/p>\n<p>Der Verwendung von Cookies k\u00f6nnen Sie jederzeit widersprechen; die Nutzung unserer Webseite ist auch ohne Cookies m\u00f6glich. Bitte beachten Sie, dass die meisten Browser Cookies automatisch akzeptieren. Dies k\u00f6nnen Sie verhindern, indem Sie in Ihren Browser-Einstellungen \u201ekeine Cookies akzeptieren\u201c w\u00e4hlen. Wie das im Einzelnen funktioniert, entnehmen Sie bitte der Gebrauchsanleitung Ihres Browsers. Wenn Sie keine Cookies akzeptieren, kann dies allerdings zu Funktionsbeeintr\u00e4chtigungen unserer Internetseite f\u00fchren.<\/p>\n<p>6.4 Verhinderung von Cookie<br \/>\nSie k\u00f6nnen Ihre Browser-Einstellung entsprechend Ihren W\u00fcnschen konfigurieren und z.\u2009B. die Annahme von Third-Party-Cookies oder allen Cookies ablehnen. Wir weisen Sie darauf hin, dass Sie dann eventuell nicht alle Funktionen dieser Website nutzen k\u00f6nnen.<\/p>\n<p>7 Online Dienste<br \/>\nWenn Sie sich f\u00fcr einen unserer personalisierten Online-Dienste registrieren lassen, beispielsweise einen Online-Newsletter abonnieren oder Online spenden, fragen wir Sie nach Ihrem Namen und anderen pers\u00f6nlichen Informationen, die wir hierf\u00fcr ben\u00f6tigen. Rechtsgrundlage f\u00fcr diese Datenverarbeitung ist Ihre Einwilligung, Art. 6 Abs.<br \/>\n1 lit a DSGVO. Keinesfalls werden wir Ihre personenbezogenen Daten ohne Ihre Einwilligung f\u00fcr andere Zwecke nutzen. Die Daten werden gel\u00f6scht, sobald sie f\u00fcr die Erreichung des Zweckes ihrer Erhebung nicht mehr erforderlich sind und keine gesetzlichen Aufbewahrungsfristen entgegenstehen.<\/p>\n<p>Ihre Daten speichern wir auf besonders gesch\u00fctzten Servern. Der Zugriff ist nur wenigen besonders befugten Personen m\u00f6glich, die allesamt mit den ma\u00dfgeblichen Datenschutzbestimmungen vertraut sind.<\/p>\n<p>8 Einbindung von Diensten und Inhalten Dritter<br \/>\nDer Networking Philosophy of Technologies e.V. bietet auf der Webseite auch weiterf\u00fchrende Inhalte wie Publikationen oder multimediale Inhalte an.<br \/>\nDerartige Inhalte werden u. a. auf Webseiten von Dritten oder aus anderen L\u00e4ndern betrieben.<br \/>\nDies setzt immer voraus, dass die Anbieter dieser Inhalte (nachfolgend bezeichnet als &#8222;Dritt-Anbieter&#8220;) die IP-Adresse der Nutzer wahrnehmen. Denn ohne die IP-Adresse, k\u00f6nnten sie die Inhalte nicht an den Browser des jeweiligen Nutzers senden. Die IP-Adresse ist damit f\u00fcr die Darstellung dieser Inhalte erforderlich.<br \/>\nWenn Sie diese Webseiteninhalte aufrufen, verlassen Sie den Web-Bereich, des Networking Philosophy of Technologies e.V., der unseren Datenschutzbestimmungen unterliegt. Es gelten dann die Datenschutzbestimmungen des Unternehmens oder der Organisation, welches die Webseite der Inhalte betreibt und die auf der jeweiligen Webseite (wie z. B. www.youtube.de) ausgewiesen werden.<br \/>\nDie Speicherung Ihrer Daten durch Networking Philosophy of<br \/>\nTechnologies erfolgt ausschlie\u00dflich im Rahmen der deutschen Datenschutzbestimmungen.<\/p>\n<p>9 Datensicherheit<br \/>\nDer Networking Philosophy of Technologies e.V. solche personenbezogenen Daten, die f\u00fcr die Zwecke der Spendengewinnung und Spendenverwaltung sowie f\u00fcr die Vorbereitung und Durchf\u00fchrung von Online-Aktivit\u00e4ten erforderlich sind.<\/p>\n<p>Ihre Daten verwenden wir nur Vereinsaktivit\u00e4ten. Eine \u00dcbermittlung der Daten erfolgt ausschlie\u00dflich wenn dann nur aufgrund Ihrer vorherigen Einwilligung. Ihre diesbez\u00fcgliche Einwilligung k\u00f6nnen Sie jederzeit widerrufen.<\/p>\n<p>Soweit aus dem Zusammenhang einer Datenerhebung erkennbar ist, dass Daten nicht zwingend ben\u00f6tigt werden und deshalb auch nicht als Pflichtdaten gekennzeichnet sind, sind solche Angaben freiwillig.<\/p>\n<p>Wir versichern Ihnen, dass wir Ihre Daten weder im allgemeinen Adresshandel an andere Unternehmen noch an andere Organisationen verkaufen oder vermieten.<\/p>\n<p>Selbstverst\u00e4ndlich haben Sie das Recht, den Zugang von Informationen an Sie jederzeit zu stoppen und der Verwendung Ihrer Kommunikationsdaten f\u00fcr diesen Zweck zu widersprechen. Schreiben Sie hierzu an Kontakt [at] netphiltech.org .<\/p>\n<p>Um unsere Aufgaben zu erf\u00fcllen und die Sicherheit unserer IT-Infrastruktur zu gew\u00e4hrleisten, m\u00fcssen wir mit Dienstleistern zusammenarbeiten, die f\u00fcr diesen Zweck gegebenenfalls auch personenbezogene Daten erhalten. Diese Dienstleister d\u00fcrfen personenbezogene Daten, die sie in diesem Zusammenhang erhalten, nur f\u00fcr den erlaubten Zweck verwenden.<\/p>\n<p>Wir haben technische und betriebliche Schutzvorkehrungen getroffen, um Ihre Daten vor zuf\u00e4lligen oder vors\u00e4tzlichen Manipulationen, Verlust, Zerst\u00f6rung oder dem Zugriff unberechtigter Personen zu sch\u00fctzen. Unsere Sicherheitsverfahren werden regelm\u00e4\u00dfig \u00fcberpr\u00fcft und dem technologischen Stand angepasst.<\/p>\n<p>10 Verwendung Kontaktdaten<br \/>\nDer Nutzung und Weitergabe der im Rahmen der Impressumspflicht ver\u00f6ffentlichten Kontaktdaten des Networking Philosophy of Technologies e.V. durch Dritte zum Zwecke der \u00dcbersendung von nicht ausdr\u00fccklich angeforderter Werbung und Informationsmaterialien wird ausdr\u00fccklich widersprochen. Wir behalten uns rechtliche Schritte im Falle der unverlangten Zusendung von Werbeinformationen (z.B. Spam-Mails) ausdr\u00fccklich vor.<\/p>\n<p>So kontaktieren Sie uns<br \/>\nF\u00fcr Fragen, Anregungen oder Kommentare zum Thema Datenschutz wenden Sie sich bitte per E-Mail an den Vereinsvorstand unter der Adresse kontakt [at] netphiltech.org.<\/p>\n<p>Stand September 2018<\/p>\n","protected":false},"excerpt":{"rendered":"<p>Diese Datenschutzerkl\u00e4rung beschreibt, welche Ma\u00dfnahmen der Networking Philosophy of Technologies e.V. ergreift, um Ihre Privatsph\u00e4re zu wahren. Wenn Sie unsere Website www.netphiltech.org (nachfolgend &#8222;Webseite&#8220;) nutzen, vertrauen Sie uns Daten an. &hellip; <\/p>\n<p class=\"link-more\"><a href=\"https:\/\/netphiltech.org\/wordpress\/datenschutzerklaerung\/\" class=\"more-link\"><span class=\"screen-reader-text\">\u201eDatenschutzerkl\u00e4rung\u201c<\/span> weiterlesen<\/a><\/p>\n","protected":false},"author":1,"featured_media":0,"parent":0,"menu_order":0,"comment_status":"closed","ping_status":"closed","template":"","meta":[],"_links":{"self":[{"href":"https:\/\/netphiltech.org\/wordpress\/wp-json\/wp\/v2\/pages\/3"}],"collection":[{"href":"https:\/\/netphiltech.org\/wordpress\/wp-json\/wp\/v2\/pages"}],"about":[{"href":"https:\/\/netphiltech.org\/wordpress\/wp-json\/wp\/v2\/types\/page"}],"author":[{"embeddable":true,"href":"https:\/\/netphiltech.org\/wordpress\/wp-json\/wp\/v2\/users\/1"}],"replies":[{"embeddable":true,"href":"https:\/\/netphiltech.org\/wordpress\/wp-json\/wp\/v2\/comments?post=3"}],"version-history":[{"count":3,"href":"https:\/\/netphiltech.org\/wordpress\/wp-json\/wp\/v2\/pages\/3\/revisions"}],"predecessor-version":[{"id":308,"href":"https:\/\/netphiltech.org\/wordpress\/wp-json\/wp\/v2\/pages\/3\/revisions\/308"}],"wp:attachment":[{"href":"https:\/\/netphiltech.org\/wordpress\/wp-json\/wp\/v2\/media?parent=3"}],"curies":[{"name":"wp","href":"https:\/\/api.w.org\/{rel}","templated":true}]}}